= -4*w. Suppose -5*j = -w*a - 31, -3*a = 4*j - 2*j - 4. Let s(x) = x - 11. Calculate s(j).
-6
Let w(d) = -d**3 - 4*d**2 - d - 2. Let a = 42 + -45. Calculate w(a).
-8
Let w(d) = 7*d**2 - d. Suppose -4*x - 4 = -2*x. Let s be 2 - (x - -2) - 3. Give w(s).
8
Let p(o) = 12 + o - 10 - 8. Calculate p(0).
-6
Let n(c) = -2*c + 2*c - 7*c**2 - 61*c**3 + 60*c**3 + 7*c. Give n(-8).
8
Suppose -2*l + 90 = l. Suppose 0 = -4*z + 2*z + 4*k + l, -k = 2*z - 5. Let f(o) be the first derivative of o**3/3 - 5*o**2/2 - 6*o - 2. Determine f(z).
-6
Let n(r) = 6*r**3 + r. Suppose -w + 8 = -5*w + 4*m, 0 = -2*w - m - 1. What is n(w)?
-7
Let f(a) = -a. Let p(r) = -r**3 - 7*r**2 - 2*r + 7. Let t(i) = 3*f(i) - p(i). Give t(-7).
0
Let v(x) = 8*x**2 - 1. Let l be -1 - (-2)/(0 + 2). Suppose -p - 4*p - 105 = l. Let n be (-4)/(-3) - (-7)/p. Give v(n).
7
Let a be (-20)/4 + (-2 - -1). Let o be (0 + (-3)/a)*16. Suppose 2*j + 2*z = -2*j - 4, -2*j + 4*z + o = 0. Let q(w) = -w**2 + w + 1. Calculate q(j).
1
Let x(y) = -y**3 + 3*y**2 + 5*y - 6. Suppose -2*p = 2*p - 20. Suppose -18 = -p*u + 2. Give x(u).
-2
Let c be 2/(-2) + 0 + 4. Suppose -z + 4*z = 0. Let q(b) = z + 4*b - b**2 - 3*b + 1. Determine q(c).
-5
Let a(b) = -4*b**3 - 2*b**2 - 3*b - 3. Suppose -2*x - 22 = -x - 5*q, -10 = -x - 3*q. Give a(x).
27
Let j(g) = g. Let c(k) = -5*k - 1. Let q(d) = c(d) + 6*j(d). Determine q(3).
2
Let g = -9 - -9. Let j(u) = -2 - 3*u + g*u**2 + 4*u**3 + u**2 - 7*u**3 + 4*u**3. Give j(-3).
-11
Let m(w) = w**3 - 2*w**2 - w. Let i(l) = 4*l**3 - 5*l**2 - 3*l. Let g be 4/6*(-42)/4. Let b(p) = g*m(p) + 2*i(p). Let f be (-6)/(-3) - (-1 + 7). Calculate b(f).
-4
Let i(t) = 2*t + 11. Let l be 8*(2/1)/(-2). Give i(l).
-5
Let q(i) = i**3 + 0*i**2 + 4*i**3 + i**2. Suppose -1 + 7 = f. Let r = 7 - f. Give q(r).
6
Let y(u) = u + 7. Let t be y(-8). Let w be (1/2)/(t/(-10)). Let l(r) be the third derivative of r**4/24 - r**3/3 - r**2. Give l(w).
3
Let u(d) be the first derivative of -7*d**4/4 + d**3/3 - d + 7. Give u(1).
-7
Let y(h) be the second derivative of h**4/12 + 2*h**3/3 + 2*h**2 - 5*h. Determine y(-5).
9
Let w(v) = -v**2 + 8*v - 7. Let s(j) = -j + 2. Let q(l) = 6*s(l) + w(l). Determine q(5).
-10
Let c(g) = 7 - 23*g + 11*g + 11*g. Let w = 21 - 15. Calculate c(w).
1
Suppose 0 = 6*z - 18 - 12. Let j(b) = b - 1. What is j(z)?
4
Let z(u) = -5*u + 5. Let n be (-7 + 5)/((-2)/5). Calculate z(n).
-20
Let w(s) = 5*s**2 - s. Let i be (-19)/(-7) - (-4)/14. Suppose -2*t = -t - 2. Suppose x - 2*j = -5, -i*x = -j - t*j + 6. Calculate w(x).
4
Let w(j) = -5*j**3 - 3*j**2 - 5*j. Let c(p) = p**3 + p**2 + p. Let u(q) = 6*c(q) + w(q). Determine u(-3).
-3
Let n(d) = -3*d**2 + 6*d + 1. Let y(o) = -2*o**2 + 5*o + 1. Let k(c) = 5*n(c) - 6*y(c). Give k(1).
-4
Let u(h) = -3*h**3 + 9*h**2 - 2*h - 2. Let n(m) = -13*m**3 + 37*m**2 - 9*m - 8. Let y(p) = 2*n(p) - 9*u(p). Calculate y(7).
2
Let k(m) = m**2 - 4*m - 3. Let a be 1 - -2 - (-8 + 10). Suppose x = 2 - a. Let c(d) = 5*d**2 - d. Let y be c(x). Determine k(y).
-3
Let p(v) be the second derivative of -v**3/6 - v**2 - 9*v. What is p(-7)?
5
Let t(g) be the third derivative of g**4/12 + g**3/6 + 4*g**2. Let r = 5 - 2. What is t(r)?
7
Let g(s) = 7*s - 1. Suppose -3*q = y - q + 5, 14 = -y - 5*q. Suppose r - 4 = -y. Let c be ((-1)/r)/((-3)/9). Determine g(c).
6
Suppose 18 = 5*z + 3, 0 = -5*c + 4*z + 3. Let k(j) be the first derivative of -j**2 + 2*j - 1/4*j**4 + j**3 + 2. Calculate k(c).
-4
Let y(s) = 1 + 0*s - 3*s + 0 - s. Let i(k) = k**3 + 3*k**2 + 3. Let n be i(-3). What is y(n)?
-11
Let a(f) = -f**2 - 28*f + 0 - 1 + 38*f - 18*f. Give a(-9).
-10
Let o(f) = -f**2 + 2*f + 6. Let n be o(0). Let v(j) = j**2 - 3*j - 8. Give v(n).
10
Let r(j) = 5 + 0*j**2 + j**2 + 49*j - 48*j. Determine r(0).
5
Let r(g) = 3*g + 8. Let o be 1*5*(-66)/55. What is r(o)?
-10
Let n(j) = -2*j - 5. Suppose -a + 20 = -4*v, -v + 2*a = 4*a + 14. Determine n(v).
7
Let p(d) = -4*d - 1 - 3 - 2*d + 3*d. What is p(-3)?
5
Let q(r) be the second derivative of 1/6*r**3 + r**2 - 1/4*r**4 + 0 + r. Calculate q(2).
-8
Suppose 20*a - 16 - 44 = 0. Let d(j) = -2*j - 1 + 7*j - 2. Calculate d(a).
12
Let f(k) be the third derivative of k**5/60 + 3*k**4/8 + 4*k**3/3 + 8*k**2. Give f(-6).
-10
Let v(h) = h**2 - 5*h. Let m be 2 - 0*1/(-2). Let t(f) = 2*f**2 - 11*f. Let i(q) = m*t(q) - 5*v(q). Let a = -12 + 17. Give i(a).
-10
Let s(n) = -4*n + 2. Let g(f) = 3*f - 1. Let t(m) = 3*g(m) + 2*s(m). Let q(i) = -3*i - 3. Let w(l) = -q(l) - 4*t(l). Suppose -p + 2 = 3. Determine w(p).
0
Let p(q) = 5*q**3 + 2*q**2 + 2*q + 1. Let d(v) = v**3 - 5*v**2 - 7*v + 6. Let h(r) = r. Let n be h(6). Let y be d(n). Suppose y = a - 0*a + 1. What is p(a)?
-4
Let y(r) = -r + 1. Let l(d) = 2*d + d - d. Let u be l(-1). Let p = u - -2. Give y(p).
1
Let y(c) be the first derivative of -c**4/4 - 4*c**3/3 - 2*c**2 - 2*c + 1. Let o = -10 - -8. What is y(o)?
-2
Let i(b) = b**3 - 4*b**2 - 4*b - 5. Let f be i(5). Let s(w) = 0*w + 4*w**3 + f*w - 2*w - w**2 - 1. Give s(-1).
-4
Let u(y) = -y**2 - 6*y + 22. Let p be u(-9). Let h(a) = a**2 + 6*a + 5. Calculate h(p).
0
Let i(b) be the second derivative of b**3/6 + 9*b**2/2 + 4*b. Determine i(-7).
2
Suppose 7 + 17 = -4*x. Let t(v) = v**3 + 6*v**2 + 3*v + 9. What is t(x)?
-9
Let g(u) = -u**3 + 5*u**2 - 5*u - 2. Let p be ((-9)/4)/(6/24). Let i be (12/p)/((-2)/6). Give g(i).
-6
Let o(y) = -y**3 + 7*y**2 - 7*y + 5. Let d = 12 - 6. Let j be o(d). Let k be j/(-2)*(0 + 2). Let z(v) = -4*v**2 - v + 1. What is z(k)?
-4
Let h(r) = 2*r**3 - 17*r**2 - 9*r + 4. Let n(q) = -3*q**3 + 26*q**2 + 13*q - 6. Let s(i) = 8*h(i) + 5*n(i). Give s(7).
2
Let k(z) = z - 1. Let n(g) = g - 16. Let c be n(17). Let x = 0 - c. Determine k(x).
-2
Let h(n) = -n**3 - 4*n**2 - n - 2. Let d(r) = -6*r**3 - r**2 - r. Let q be (-2)/(-3)*6/(-4). Let u be d(q). Suppose -a + u*a + 20 = 0. Calculate h(a).
2
Let i(v) = -v - 30 - 37 - 30 + 99. Calculate i(2).
0
Let d(p) = -p**2 + 3*p + 7. Let x be d(5). Let b = x + 3. Let m(g) = -g - 3 + 0*g + 5 + 6 - g**3 + g**2. Determine m(b).
8
Let f(q) = q**3 - q**2 + q. Let l(b) = 17*b**3 + 4*b**2 + 1. Let i(z) = -2*f(z) - l(z). Let p be (4/(-6))/(2/3). What is i(p)?
18
Let s(n) = 3*n**3 - n**2 - 3*n - 3. Suppose -3*b = -2*r - 0*r - 1, 7 = -5*r + 3*b. Determine s(r).
-25
Let v(m) be the first derivative of -m**3/3 + 11*m**2/2 + m + 21. Determine v(10).
11
Suppose l = 5*l - 48. Suppose 4*r + l + 0 = 0. Let j(v) = -5*v + 2. Let b(c) = -14*c + 5. Let q(d) = 4*b(d) - 11*j(d). Calculate q(r).
1
Let x(u) = -u**2 + 3. Let q = -4 + 2. Let z = q - -2. Suppose z = -2*d + 7*d. Give x(d).
3
Suppose -5*l + 3*l + 6 = 0. Suppose l*d = 2 + 4. Let n(y) = y - 4*y + 0*y**2 - 4 + y**3 - d*y**2. Give n(3).
-4
Let b(d) = -d**3 + 3*d**2 - 4*d + 2. Let n = 6 + -9. Let j = 3 + n. Let v = j - -2. Give b(v).
-2
Let u(s) be the third derivative of s**5/30 + 5*s**4/24 - 2*s**3/3 + 20*s**2. Calculate u(-4).
8
Let d(w) = -w + 12. Let a be d(11). Let i(b) = 0 + 8 + b - a + 0. Give i(-6).
1
Let p(r) = 0*r + r**2 - 4*r + 0*r**2 - 1. Suppose 0 = -w - 2*m + 6, -3*w = -0*m - m - 25. Let o = w - 5. Determine p(o).
-4
Suppose 6*h - 50 = h. Suppose d - m = 1, 1 = 3*d - 5*m - h. Let q(x) = -x - 4. Give q(d).
-1
Let x(b) = b + 4. Let o(g) = g**2 + 3. Let i be o(-6). Let y be (-162)/i - (-4)/26. What is x(y)?
0
Let w be 3/9*3 + 4. Let p(i) = i**3 - 9*i**2 - i**2 - 2 + 5 + w*i + 3*i**2. What is p(6)?
-3
Suppose 7*j = 2*j. Suppose j = h + h - 2. Let v(y) be the second derivative of y**5/20 + y**4/6 - y**3/6 + 2*y. Give v(h).
2
Let b(j) = -11*j + 29*j - 2*j**2 - 14*j. Determine b(3).
-6
Let i(j) = -6*j**3 - 3*j**2 + 2. Let o be i(-1). Let a(f) = f - 4. Give a(o).
1
Let s(i) = 5*i. Let u be s(1). Let f(h) be the second derivative of h**3/3 - 5*h**2/2 + 4*h. Let q be f(u). Let l(g) = -g**3 + 4*g**2 + 5*g + 6. Calculate l(q).
6
Let d(g) = g + 8. Let o be 116/12 - (-1)/3. Let y be (-64)/o - (-24)/(-40). What is d(y)?
1
Let y(o) = o**3 + 4*o**2 - 4*o - 6. Suppose -5*f - 1 = -4*f. Let j be (f + -2 + 1)*2. What is y(j)?
10
Let u(g) = -g**2 + 3*g + 2. Suppose 4*d + 24 = -0*d. Let c(x) = x + 8. Let m be c(d). Suppose m*a + 3*v = -a - 18, 2*a + 20 = -4*v. What is u(a)?
-8
Suppose 2*z + 0 = -14. Let x(d) = -d**3 - 6*d**2 + 8*d + 8. Let f be x(z). Let o(l) = 4*l + 1. Give o(f).
5
Suppose -5*q + 20